ommon divisor of 36 and 1782?
18
Calculate the highest common factor of 280 and 350.
70
What is the highest common factor of 112506 and 102?
102
Calculate the greatest common divisor of 6 and 174.
6
Calculate the highest common factor of 817 and 19.
19
What is the highest common divisor of 35775 and 15?
15
What is the highest common factor of 90 and 3150?
90
What is the greatest common factor of 315 and 18?
9
Calculate the highest common factor of 96 and 768.
96
What is the highest common factor of 30694 and 206?
206
Calculate the greatest common divisor of 255 and 3995.
85
What is the highest common factor of 15 and 52755?
15
What is the highest common factor of 616 and 418?
22
Calculate the highest common factor of 561 and 957.
33
Calculate the greatest common divisor of 34 and 226.
2
Calculate the greatest common factor of 30 and 54.
6
Calculate the greatest common factor of 42 and 6482.
14
What is the highest common factor of 304 and 5624?
152
Calculate the highest common divisor of 1271 and 62.
31
What is the greatest common divisor of 30 and 1310?
10
Calculate the highest common factor of 195 and 39.
39
Calculate the highest common factor of 4646 and 184.
46
What is the greatest common divisor of 49 and 343?
49
Calculate the highest common factor of 21 and 1841.
7
What is the greatest common divisor of 75 and 105?
15
What is the greatest common divisor of 1216 and 64?
64
Calculate the highest common divisor of 2905 and 175.
35
What is the greatest common factor of 45 and 63?
9
Calculate the highest common divisor of 39 and 1872.
39
Calculate the highest common factor of 166 and 3403.
83
Calculate the highest common factor of 574 and 1886.
82
What is the greatest common factor of 259 and 407?
37
What is the highest common divisor of 264 and 24?
24
Calculate the highest common factor of 525 and 1950.
75
Calculate the highest common factor of 49 and 77.
7
What is the highest common divisor of 273 and 78?
39
Calculate the highest common divisor of 270 and 720.
90
What is the greatest common factor of 20 and 32?
4
Calculate the highest common divisor of 1112 and 24.
8
What is the greatest common divisor of 24 and 10968?
24
What is the greatest common divisor of 246 and 861?
123
Calculate the greatest common factor of 18 and 342.
18
What is the greatest common divisor of 59 and 767?
59
What is the greatest common divisor of 115 and 4945?
115
What is the highest common divisor of 442 and 546?
26
What is the highest common factor of 96 and 30?
6
Calculate the highest common divisor of 24 and 18084.
12
What is the greatest common factor of 42165 and 45?
45
What is the highest common factor of 2 and 2892?
2
Calculate the greatest common factor of 738 and 902.
82
Calculate the greatest common divisor of 23 and 1633.
23
Calculate the highest common divisor of 39 and 26.
13
What is the highest common factor of 1749 and 132?
33
What is the greatest common divisor of 871 and 402?
67
What is the greatest common factor of 92 and 69?
23
Calculate the greatest common divisor of 520 and 66300.
260
What is the highest common divisor of 37 and 2701?
37
What is the greatest common divisor of 156 and 24?
12
What is the highest common divisor of 6 and 634?
2
Calculate the greatest common factor of 386 and 2.
2
What is the greatest common factor of 48 and 256?
16
Calculate the greatest common factor of 570 and 20710.
190
What is the greatest common divisor of 10 and 130?
10
What is the greatest common factor of 15 and 2580?
15
What is the highest common divisor of 804 and 2?
2
Calculate the highest common factor of 925 and 9990.
185
Calculate the greatest common factor of 6 and 38.
2
What is the highest common factor of 10 and 110?
10
What is the highest common factor of 12936 and 14?
14
Calculate the highest common factor of 7180 and 40.
20
Calculate the greatest common factor of 1 and 5.
1
What is the highest common divisor of 2064 and 1704?
24
Calculate the greatest common factor of 232 and 6.
2
Calculate the highest common divisor of 12738 and 22.
22
What is the highest common factor of 448 and 960?
64
Calculate the highest common divisor of 150 and 20.
10
Calculate the highest common divisor of 72 and 502.
2
What is the greatest common divisor of 90 and 738?
18
Calculate the highest common factor of 550 and 418.
22
Calculate the highest common factor of 624 and 117.
39
What is the highest common factor of 738 and 486?
18
Calculate the greatest common divisor of 663 and 39.
39
Calculate the greatest common factor of 126 and 3150.
126
Calculate the greatest common factor of 15 and 48.
3
What is the highest common divisor of 51 and 136?
17
Calculate the highest common divisor of 230 and 40.
10
What is the greatest common divisor of 976 and 400?
16
What is the highest common factor of 1144 and 26?
26
Calculate the highest common factor of 24 and 2319.
3
What is the greatest common factor of 525 and 560?
35
What is the greatest common factor of 57 and 247?
19
Calculate the highest common divisor of 1371 and 9.
3
Calculate the greatest common factor of 168 and 182.
14
What is the greatest common factor of 12 and 582?
6
Calculate the greatest common factor of 146 and 92126.
146
Calculate the highest common factor of 19 and 1.
1
Calculate the greatest common divisor of 400 and 2725.
25
What is the greatest common divisor of 23 and 529?
23
What is the greatest common divisor of 196 and 4?
4
What is the greatest common divisor of 110 and 165?
55
Calculate the highest common divisor of 22 and 2134.
22
Calculate the greatest common divisor of 352 and 2552.
88
Calculate the greatest common divisor of 908 and 4.
4
Calculate the greatest common factor of 2208 and 2967.
69
Calculate the greatest common factor of 920 and 120.
40
What is the greatest common divisor of 9 and 243?
9
What is the highest common factor of 121 and 1331?
121
What is the highest common divisor of 11 and 539?
11
Calculate the greatest common divisor of 196 and 49.
49
Calculate the greatest common factor of 224 and 784.
112
What is the greatest common factor of 45063 and 54?
27
What is the greatest common divisor of 20022 and 1128?
282
Calculate the greatest common divisor of 20299 and 53.
53
Calculate the highest common divisor of 32151 and 21.
21
What is the highest common factor of 289 and 85?
17
What is the greatest common divisor of 342 and 57?
57
Calculate the highest common factor of 141 and 1739.
47
What is the highest common divisor of 858 and 198?
66
Calculate the greatest common divisor of 220 and 60.
20
Calculate the greatest common factor of 51 and 153.
51
What is the highest common divisor of 224 and 154?
14
What is the highest common factor of 204 and 272?
68
What is the greatest common divisor of 432 and 20?
4
Calculate the highest common divisor of 12 and 8196.
12
Calculate the greatest common divisor of 1275 and 3225.
75
Calculate the greatest common factor of 138 and 345.
69
What is the highest common factor of 36 and 116?
4
What is the highest common divisor of 637 and 539?
49
Calculate the greatest common factor of 5863 and 429.
143
What is the highest common divisor of 546 and 52?
26
Calculate the highest common divisor of 258 and 34701.
129
What is the greatest common factor of 992 and 32?
32
What is the highest common divisor of 1550 and 124?
62
Calculate the greatest common divisor of 5830 and 220.
110
Calculate the greatest common divisor of 16490 and 170.
170
Calculate the highest common factor of 154 and 910.
14
What is the highest common divisor of 69 and 3979?
23
What is the highest common divisor of 775 and 2000?
25
What is the greatest common divisor of 113 and 5537?
113
Calculate the highest common divisor of 5423 and 748.
187
What is the greatest common factor of 154 and 56?
14
What is the greatest common divisor of 63 and 34461?
63
What is the greatest common divisor of 6 and 213?
3
Calculate the highest common divisor of 7 and 203.
7
What is the highest common divisor of 17815 and 70?
35
Calculate the highest common factor of 183 and 549.
183
What is the greatest common factor of 3519 and 459?
153
Calculate the highest common factor of 790 and 1730.
10
What is the highest common factor of 738 and 18?
18
What is the greatest common divisor of 75 and 4125?
75
Calc